t w be i(3). Suppose -8*q - q = -w. What is the tens digit of q?
6
Suppose 8*u = -5*u + 12805. What is the hundreds digit of u?
9
Let j = -1106 + 1550. What is the units digit of j?
4
Suppose -7*b = -3735 - 1998. What is the tens digit of b?
1
Suppose -224 = -3*h + 1. Let p = 119 - h. What is the units digit of p?
4
Suppose -3*o + 6 = 0, h + 0*o - 2*o - 10 = 0. Let p = 17 - h. Suppose p*r + 2*r - 165 = 0. What is the tens digit of r?
3
Suppose 0 = -4*d + f + 3073, 7*d - 2*d - 5*f - 3830 = 0. What is the tens digit of d?
6
Suppose 128*x + 141239 - 429623 = 0. What is the hundreds digit of x?
2
Let q be 3/2*-98 + -1. Suppose -5*s - 267 - 108 = 0. Let o = s - q. What is the units digit of o?
3
What is the thousands digit of ((-21872)/(-112))/(2/14)?
1
Suppose y = -3*y + 8. Suppose y*n = n + 5. What is the units digit of n?
5
Suppose 2*o + 1537 = 2*j - 1865, 5117 = 3*j + 4*o. What is the thousands digit of j?
1
Suppose 2*o - 4*r - 1732 = 1906, o - 1816 = 5*r. What is the thousands digit of o?
1
Suppose -1 = -y - 2*o - 6, 35 = 5*y - 2*o. Suppose 3*a - 242 = y*w, -4*a - 3*w + 212 = -72. What is the units digit of a?
4
Let s = 2007 - 1680. What is the hundreds digit of s?
3
Suppose 0 = 4*v + 2 - 18. Suppose 4*n = -5*k + 408, v*k + k = 0. What is the units digit of n?
2
Suppose 5*w - 4830 = 3*o, -25*w = -21*w + 3*o - 3864. What is the units digit of w?
6
What is the thousands digit of (171 + -1)*-4*(-6)/4?
1
Let s be (-147)/(-9) + (-2)/6. Let m(i) = -i**3 + 9*i**2 - 12. Let h be m(9). What is the units digit of s/3*(-45)/h?
0
Let p = 1247 + -694. What is the hundreds digit of p?
5
What is the units digit of (-4)/26 + (-101000)/(-104) + 8?
9
Suppose 119*j - 115*j - 4022 = -2*v, -5*j - 3*v + 5030 = 0. What is the units digit of j?
3
Let q be (1/(-3))/((-11)/(-726)). Suppose -54 = j + 2*j. Let r = j - q. What is the units digit of r?
4
Let h be ((-3)/1 - -5) + (365 - -5). Suppose -h = 2*p - 4*p. What is the hundreds digit of p?
1
Suppose -21 = -3*g + 15. Let n be (2 - (g - 1)) + 0. Let u = 0 - n. What is the units digit of u?
9
Let i(r) = -r**3 + 17*r**2 - 13*r - 46. What is the units digit of i(16)?
2
Let d = 34 - 32. Suppose 0 = d*l - l - 87. Suppose -5*p + l = -118. What is the units digit of p?
1
Let r = 4 - 18. Let i = -44 - r. What is the units digit of (2 + i/9)*-48?
4
Let l be 9/((-189)/(-6)) + (-75)/(-7). Let y = l + 17. What is the tens digit of y?
2
Suppose 4*v - v = 345. Suppose 0 = -5*w + 2*x + 509, x + v = 3*w - 190. What is the units digit of w?
1
Let b = -26 + 14. Let p = b - -12. Suppose t = 5*i + 22, t + i = -p*t + 22. What is the units digit of t?
2
Suppose 0 = -4*h - 2*x + 64, -5*x + 5 = 3*h - 50. Let k = -2 + 3. Suppose h - k = w. What is the units digit of w?
4
Let y = -123 + 93. What is the hundreds digit of 138 + (y/5 - -2)?
1
Suppose -2559 = -4*l - 5*v, 11*v = 3*l + 13*v - 1914. What is the tens digit of l?
3
Let d be (-5)/(25/135) - -3. Let i = -6 - d. What is the units digit of i?
8
What is the tens digit of (-1361 - 1)*(-1)/10*5?
8
Let h(n) = n**3 + 5*n**2 + 7. Let b be h(-5). Let d = 7 - b. Suppose d*o - 162 = -3*o. What is the tens digit of o?
5
What is the hundreds digit of (-2559)/(-6) + 1 - (-4)/8?
4
Let n(f) = 4*f + 3. Let a(z) be the second derivative of 3*z**3/2 + 5*z**2/2 + 12*z. Let h(v) = 4*a(v) - 10*n(v). What is the tens digit of h(-11)?
3
Suppose 3*f + 4 = 22. Suppose 0 = 3*p - f*p + 9. Suppose 2*r - 8 = -p*o, 0*r + 2*o = 5*r - 20. What is the units digit of r?
4
Let i = 1261 - 890. What is the tens digit of i?
7
Let j(w) = -9 - 11*w + 7*w + w**2 + w**2 + 10*w. What is the units digit of j(-5)?
1
Suppose -5*m + 7 = 2*g, 0 = -g - 4. Suppose 0 = -5*a + 4*r + 473, -192 = -2*a - 0*r + m*r. What is the units digit of a?
3
Let g be 5*(-4 - (-69)/15). Let z = g + 1. Suppose 28 - 192 = -z*m. What is the tens digit of m?
4
Let d = 34 + -4. Suppose d*h + 52 = 31*h. What is the units digit of h?
2
Suppose 4*c + 15 = -3*r, -c + 25 = -4*c - 5*r. Let u = 17 + -15. Suppose -3*h = -3*v + 4*v - 4, -v - u*h + 5 = c. What is the units digit of v?
7
Suppose -70*g + 64*g + 6360 = 0. What is the tens digit of g?
6
Let l be 9/(-3)*(-4 - -3)*-2. What is the tens digit of 2/l + (-1020)/(-36)?
2
Suppose 2*y - 3 = -s, y + 1 = -5*s - 2. Suppose 4*p = 3*d + 125, 4*d + y = 6. What is the tens digit of p?
3
Let z be (-112)/6*12/(-8). Let w = z + -16. What is the units digit of w?
2
Suppose 0 = t + 2*v + 1, 2*t - t = -4*v - 9. Suppose -5*u = -2*l + t*l - 210, l + 3 = 0. What is the units digit of u?
5
Let j be (-2 + 4)*(-92)/(-8). Let l = j - 18. Suppose -57 - 58 = -l*n. What is the units digit of n?
3
Let j(c) = -2*c**2 + 3*c**2 - 6 + 8*c + 2*c**2 + 15. What is the tens digit of j(-5)?
4
Let f(c) = -2 + 8*c + 0 + 1 + 4. What is the units digit of f(1)?
1
Suppose 3*h - 53 = -2*z, -5*z = -5*h - 0*h - 145. Suppose -25*b + z*b = 312. What is the hundreds digit of b?
1
Suppose -5*m + 2*y = y - 2318, 2*m = y + 929. What is the hundreds digit of m?
4
Let v be (1 + -4 + 2)*-11. Let t = 44 + v. What is the tens digit of t?
5
Let q(s) = -s**3 + 15*s**2 - 13*s - 8. Let l be q(14). Suppose -j = 2*j - l. Suppose -2*h + 9 = -1, j*h = u - 24. What is the units digit of u?
4
Suppose -4*p + 4*a = 5*a - 983, 0 = -2*p - 4*a + 502. Suppose -6*s + s - 115 = -y, 2*y = 5*s + p. What is the hundreds digit of y?
1
Let n be 1 + 1 - 0/91. Suppose -2*z + 5*z + 6 = 0. What is the tens digit of (8 - n) + z - -22?
2
Suppose -h + 207 = 4*p, 0*p - 4*p = 2*h - 422. Suppose -h = -2*i - 3*i. What is the tens digit of i?
4
Let h(i) = 2*i. Suppose -3*p + 2*p - 5*a - 14 = 0, 4*a = -5*p - 7. Suppose d + 3*q - 16 = -p, -3*q - 60 = -4*d. What is the units digit of h(d)?
0
Suppose -5*d = 4*u - 6044, 10*u = 15*u - d - 7584. What is the thousands digit of u?
1
Let t be 0 - (-2 + (-1)/1). Suppose -5*q + 4*s = 12, -9 = 2*q - 4*s + t. Suppose 69 = 3*d - q*d. What is the units digit of d?
3
Let m = 63 - 61. What is the units digit of 78*((-1)/m)/(6/(-8))?
2
Suppose 4*f + 9 = 33. Let c(z) = -3*z**2 - 15*z - 23. Let r(g) = -g**2 - 7*g - 12. Let a(u) = 2*c(u) - 5*r(u). What is the units digit of a(f)?
8
Let m = -3042 - -5244. What is the units digit of m?
2
Suppose 0 = q + 3*t + 133, -q - 2*t = -t + 135. Let j = 198 + q. What is the units digit of j?
2
Suppose -20045 = -177*b + 158*b. What is the tens digit of b?
5
Let x be (-3)/(-7) + (-22)/(-14). Suppose 2*i + x*i = -16. What is the units digit of (-18)/i - (-7)/14?
5
Suppose -450 = -3*k - 3*v, -4*k + 454 = -k + 4*v. What is the tens digit of k?
4
Let p(d) = d**3 + 5*d**2 - 5*d + 8. Let a be p(-6). Suppose 0 = -a*f + f + 3. Suppose -f*n + 290 = 2*n. What is the units digit of n?
8
Suppose 5*p + 0*r - 55 = 5*r, 2*r = -4*p + 50. Let o(z) = -z**3 + 14*z**2 - 18*z + 24. What is the tens digit of o(p)?
9
Suppose c = 0, -5*y + 5*c + 3481 + 1229 = 0. What is the hundreds digit of y?
9
Let v be -5*(-3)/6*2. Suppose -3*n + n + v*j + 2 = 0, -3*j = -2*n + 10. What is the tens digit of n?
1
Let y(r) = 2*r**2 + 9*r - 12. Let n be y(-6). Suppose 2*v = n*v - 232. What is the units digit of v?
8
Let s(o) = -o**3 - 7*o**2 + 8*o - 2. Let c be s(-8). Let m be ((-18)/27)/(c/(-48)). Let u = m + 23. What is the units digit of u?
7
What is the units digit of (3 - 9 - -6 - -443)*1?
3
Suppose -42 = -4*d - 3*x + 18, d = -3*x + 24. What is the units digit of (1 + 0)*(7 + d)?
9
Suppose -2*o + 1720 = 448. What is the hundreds digit of o?
6
Suppose -4*w = 3*f + 2*f - 81, 5*f = 2*w - 3. Let g = 13 + -34. What is the tens digit of g/w + (-39)/(-2)?
1
Let b be (72/(-45))/((-1)/120). Suppose 17*m + b = 21*m. What is the units digit of m?
8
Suppose -4*y = 2*c - 11678, -4132 = -2*y - 4*c + 1716. What is the tens digit of y?
1
What is the hundreds digit of (-871 + -6)/((-3)/27*3)?
6
Let n(s) = s**3 + 19*s**2 - 13*s - 12. What is the tens digit of n(-18)?
4
Let v = -170 + 270. Suppose -v - 293 = -3*g. What is the hundreds digit of g?
1
Let i(t) = -t**3 - 12*t**2 - 6*t + 33. What is the tens digit of i(-14)?
0
Let x be 8/(-6)*(-54)/(-3). Let n = -16 - x. Suppose -4 = 4*i - n. What is the units digit of i?
1
Let n(m) = 4*m**3 + 5*m**2 + 3*m + 3. Let j(s) = s**3 + s**2 + s + 1. Let c(i) = -9*j(i) + 2*n(i). Let k be c(3). Let x = k - -61. What is the tens digit of x?
3
Let l = -